35*j + 12. Determine d(5).
187
Let y(v) = -v**3 - 3*v**2 + 7*v + 6. Calculate y(-4).
-6
Let p(z) = -z**2 + 20*z - 91. Give p(8).
5
Let d(n) = -n**3 - 45*n**2 - 10. What is d(-45)?
-10
Let y(h) = -7*h**2 + 7*h + 3. Determine y(2).
-11
Let m(d) = -2*d**3 - 2*d**2 - 6*d - 1. What is m(-2)?
19
Let i(h) = -h**2 + h + 20. Determine i(-8).
-52
Let w(o) = o**3 + 9*o**2 + 11*o + 11. Calculate w(-8).
-13
Let j(x) = x**3 - 8*x**2 + 8*x - 19. What is j(7)?
-12
Let u(i) = -2*i + 17. Calculate u(12).
-7
Let r(w) = w**3 + 7*w**2 + 3*w - 8. Determine r(-6).
10
Let i(r) = 2*r**3 + 3*r + 1. Determine i(-2).
-21
Let l(b) = b + 29. Calculate l(-19).
10
Let k(v) = -v**3 + 16*v**2 - 14*v - 20. What is k(15)?
-5
Let u(n) = -n**2 - n + 9. Calculate u(4).
-11
Let l(n) = -27*n - 1. What is l(3)?
-82
Let k(r) = -r + 15. What is k(12)?
3
Let j(r) = 86*r + 502. Determine j(-6).
-14
Let p(l) = -l**3 + l**2 - 6*l + 6. What is p(3)?
-30
Let m(v) = -v**3 - 16*v**2 - 26*v + 29. What is m(-14)?
1
Let f(k) = 2*k**3 + k**2 - 5*k - 2. What is f(-2)?
-4
Let l(z) = -z**3 + 20*z**2 - 7*z - 1. What is l(19)?
227
Let w(k) = k**3 - 9*k**2 - 7*k - 27. Determine w(10).
3
Let l(o) = o**3 + 5*o**2 - 11*o + 4. Calculate l(-7).
-17
Let r(i) = i**3 + 13*i + 31. Determine r(-2).
-3
Let m(f) = f - 12. Determine m(-6).
-18
Let j(r) = r**2 - 11*r + 6. Give j(12).
18
Let d(h) = -h**2 + 20*h + 73. Give d(22).
29
Let f(s) = -s**3 - 9*s**2 + 12*s - 1. Determine f(-10).
-21
Let f(q) = 16*q - 548. Determine f(34).
-4
Let x(c) = c**2 + 12*c + 14. Determine x(-9).
-13
Let b(k) = k**2 + 5*k - 1. Calculate b(-3).
-7
Let q(c) = -2*c**2 - 2*c + 13. Calculate q(-6).
-47
Let t(l) = l**3 - 5*l**2 + 2*l + 6. What is t(5)?
16
Let y(x) = -2*x**3 + 50*x**2. Determine y(25).
0
Let g(b) = -b**3 + 6*b**2 - 5*b + 8. Determine g(5).
8
Let f(r) = 5*r - 3. Calculate f(-4).
-23
Let y(u) = 2*u + 40. Calculate y(-10).
20
Let s(w) = -w - 28. Calculate s(-12).
-16
Let z(g) = -g**3 + 14*g**2 + 16*g - 24. Calculate z(15).
-9
Let l(t) = -t**3 + 7*t**2 + 27*t + 7. What is l(10)?
-23
Let r(o) = o**3 - 17*o**2 + 7*o + 39. Give r(17).
158
Let b(z) = z**2 + 10*z + 6. Calculate b(-7).
-15
Let l(i) = -i**2 - 26*i + 11. What is l(-19)?
144
Let n(j) = -8*j - 52. What is n(-6)?
-4
Let a(m) = -55*m - 1. Calculate a(-1).
54
Let x(l) = l**3 + 4*l**2 + 2*l - 1. Give x(-2).
3
Let h(l) = -l**2 - 10*l - 10. What is h(-9)?
-1
Let r(z) = -z**2 + 5*z + 701. What is r(-24)?
5
Let q(k) = -k**2 + 12*k + 20. Determine q(13).
7
Let t(k) = 5*k - 47. What is t(11)?
8
Let i(f) = -4*f**2 + 24*f - 19. Determine i(7).
-47
Let m(t) = -3*t - 18. Give m(5).
-33
Let q(t) = t**2 + 2*t - 19. Give q(-6).
5
Let p(t) = -3*t + 20. Determine p(10).
-10
Let w(o) = o**2 + 3*o - 1. Give w(5).
39
Let f(g) = -g**3 - 18*g**2 - 17*g + 3. Determine f(-17).
3
Let p(z) = z + 7. Determine p(-16).
-9
Let o(j) = 8*j - 23. Determine o(4).
9
Let r(a) = 9*a**3 - 2*a**2 - 3*a. What is r(-1)?
-8
Let x(j) = -18*j - 143. What is x(-8)?
1
Let j(z) = 5*z - 44. What is j(13)?
21
Let y(d) = 28*d**3 - 3*d**2 + d. What is y(1)?
26
Let f(b) = -b**3 - 5*b**2 + 6*b - 1. Calculate f(-6).
-1
Let x(v) = 8*v - 28. Determine x(4).
4
Let n(j) = -j**3 - 6*j**2 - 7*j - 5. Determine n(-5).
5
Let m(f) = 9*f**2. What is m(2)?
36
Let s(a) = -a**2 + 7*a - 12. Give s(5).
-2
Let i(d) = 3*d - 11. What is i(5)?
4
Let v(b) = 17*b - 55. What is v(5)?
30
Let z(h) = 3*h + 24. Determine z(-4).
12
Let d(c) = -95*c - 366. What is d(-4)?
14
Let h(o) = -32*o - 293. Give h(-9).
-5
Let r(a) = -a**3 - 6*a**2 - 5*a + 1. Give r(-5).
1
Let t(o) = o**3 + 5*o**2 - 2*o. What is t(-5)?
10
Let s(v) = -17*v - 29. What is s(-2)?
5
Let d(j) = 3*j + 18. What is d(-19)?
-39
Let r(p) = 3*p**2 + 7*p + 2. What is r(-1)?
-2
Let p(r) = 2*r**3 + 33*r**2 + 18*r + 28. What is p(-16)?
-4
Let v(p) = -106*p + 310. Give v(3).
-8
Let o(v) = 2*v - 4. Calculate o(-4).
-12
Let o(v) = v**3 - 31*v**2 + 58*v - 14. Give o(29).
-14
Let i(r) = -3*r**2 - 5*r - 4. Give i(-4).
-32
Let w(z) = -2*z**2 + 16*z - 5. What is w(5)?
25
Let i(a) = a**3 - 27*a**2 - 2*a + 3. Determine i(27).
-51
Let j(g) = 2*g**2 - 60*g - 71. Calculate j(31).
-9
Let p(k) = k**3 - 3*k**2 - 12*k - 4. Calculate p(5).
-14
Let s(t) = t + 15. Give s(0).
15
Let n(g) = -3*g**2 + 5*g + 1. Calculate n(4).
-27
Let h(l) = -5*l - 25. What is h(-10)?
25
Let p(w) = -69*w**2 - 6*w - 5. Determine p(-1).
-68
Let l(d) = -d - 6. What is l(4)?
-10
Let l(k) = 2*k**3 + 31*k**2 - 17*k - 22. Give l(-16).
-6
Let a(m) = -2*m**2 + 3*m. Calculate a(-3).
-27
Let i(u) = -2*u + 6. Calculate i(-3).
12
Let o(i) = 2*i**2 + 13*i + 25. Calculate o(-7).
32
Let m(n) = -n**3 + n**2 - 3*n + 18. Give m(0).
18
Let v(y) = -4*y - 18. What is v(10)?
-58
Let a(f) = -2*f + 54. What is a(30)?
-6
Let a(l) = -l**3 + 12*l**2 + 13*l - 6. Calculate a(13).
-6
Let p(q) = -q**2 - 9*q - 15. Calculate p(-6).
3
Let h(z) = -z**2 - 29*z - 108. Give h(-24).
12
Let z(c) = c**3 + 13*c**2 + 15*c + 30. What is z(-12)?
-6
Let g(i) = 16*i**2 - 2*i. What is g(2)?
60
Let g(h) = -2*h**3 + 109*h**2 - 52*h - 104. Give g(54).
4
Let i(f) = -f**3 + 2*f**2 + 2*f - 2. What is i(-2)?
10
Let x(i) = 14*i - 200. Determine x(16).
24
Let w(r) = 5*r - 11. Give w(5).
14
Let x(p) = p**2 - 17*p + 19. Give x(17).
19
Let s(r) = 2*r**3 - 8*r**2 - 6*r + 25. Give s(4).
1
Let u(c) = 4*c**2 + 48*c + 39. Give u(-10).
-41
Let w(a) = a**3 - 3*a**2 - 9*a + 10. Determine w(5).
15
Let l(i) = i**2 + 6*i + 9. Give l(-4).
1
Let l(g) = -g**2 + 14*g + 8. Give l(15).
-7
Let c(x) = -3*x + 47. What is c(11)?
14
Let g(r) = 21*r - 6. Give g(-3).
-69
Let d(m) = -47*m + 350. What is d(7)?
21
Let a(d) = -d**2 + 3*d + 3. Give a(-1).
-1
Let k(i) = i**2 + 16*i + 4. Give k(-15).
-11
Let n(s) = -s**2 - 23*s - 110. What is n(-16)?
2
Let m(k) = -k**2 - 2*k - 1. Calculate m(5).
-36
Let v(n) = -n**3 - 8*n**2 - 9*n - 8. Give v(-6).
-26
Let p(s) = -20*s - 2. Calculate p(-1).
18
Let f(a) = -a**2 - 3*a - 1. What is f(-2)?
1
Let o(z) = -z**3 - 5*z**2 - 5*z - 7. Give o(-5).
18
Let k(x) = 2*x**2 + 7*x + 4. Calculate k(-2).
-2
Let d(g) = g - 2. What is d(3)?
1
Let n(x) = x**3 - 2*x**2 - 2*x + 3. What is n(3)?
6
Let n(d) = 7*d - 5. Give n(3).
16
Let i(h) = -2*h**2 + 3*h + 5. Give i(-5).
-60
Let z(y) = 2*y**2 - 1. Give z(-2).
7
Let j(k) = k**3 - 6*k**2 + 2*k - 8. Calculate j(6).
4
Let z(g) = -g**2 + 9*g + 44. Calculate z(13).
-8
Let w(v) = v**3 + 7*v**2 + 4*v - 5. Calculate w(-4).
27
Let h(q) = 3*q**2 - 61*q + 205. What is h(4)?
9
Let q(k) = 2*k**3 - 2*k**2 + 3*k - 4. Determine q(3).
41
Let j(l) = 7*l + 42. What is j(-9)?
-21
Let t(y) = 4*y + 25. Give t(-6).
1
Let g(p) = p**2 + 14*p + 14. Determine g(-14).
14
Let g(q) = -q**3 + 18*q**2 - 21*q + 67. Calculate g(17).
-1
Let j(l) = -2*l**2 - l + 9. Give j(3).
-12
Let b(i) = -i - 9. Determine b(-8).
-1
Let q(y) = -y**3 + 19*y + 33. What is q(-2)?
3
Let k(o) = -8*o**3 - 2*o**2 + o. Calculate k(1).
-9
Let p(l) = -l**2 - 16*l + 37. What is p(2)?
1
Let i(v) = -2*v**2 - 10*v + 130. Calculate i(6).
-2
Let a(w) = -2*w**2 - 79*w + 18. Determine a(-40).
-22
Let t(f) = 2*f**2 - 12*f + 8. Give t(8).
40
Let k(u) = -5*u + 3. Give k(-7).
38
Let y(f) = f**3 - 5*f**2 - 8*f + 2. Determine y(6).
-10
Let t(o) = o**2 + 8*o - 2. Determine t(-6).
-14
Let s(k) = k**3 - 14*k**2 + 46*k. Determine s(8).
-16
Let q(n) = 2*n + 14. Determine q(-8).
-2
Let t(a) = -8*a**2 - 3*a - 1. Give t(-3).
-64
Let a(u) = u**3 - 14*u**2 + 14*u - 14. Calculate a(13).
-1
Let l(g) = g**3 + 5*g**2 + 6*g - 2. Determine l(-4).
-10
Let l(q) = q**2 + 10*q + 20. What is l(-7)?
-1
Let r(x) = x**2 - 5*x + 2. What is r(1)?
-2
Let p(t) = 15*t**3 + 2*t**2 - 2. Give p(-1).
-15
Let c(h) = -2*h**2 + h + 4. Determine c(0).
4
Let q(a) = -7*a - 107. What is q(-15)?
-2
Let h(c) = -10*c. Calculate h(-5).
50
Let w(s) = s + 2. Determine w(4).
6
Let b(v) = -v**2 - 19*v - 36. Give b(-19).
-36
Let u(i) = i**3 + 7*i**2 - 4*i - 6. What is u(-7)?
22
Let g(x) = -3*x**3 + 7*x**2 + 6*x + 6. Determine g(3).
6
Let x(m) = m**2 - 5*m - 61. Give x(11).
5
Let o(u) = u**3 - 9*u - 5. What is o(-3)?
-5
Let a(l) = l - 9. What is a(-8)?
-17
Let s(b) = 10*b + 2. Determine s(-1).
-8
Let x(y) = -y**2 + y + 2. Calculate x(-5).
-28
Let a(w) = 2*w + 8. Give a(3).
14
Let m(z) = -5*z - 2. Calculate m(-3).
13
Let r(h) = h - 18. Calculate r(4).
-14
Let j(l) = l**3 + 2*l 